 - d*2/(4/3).
2, 7
Suppose -2*r - 580 = -n, 5*n + 2*r - 920 - 1956 = 0. Suppose -4*u - 2*s + n = 2*s, 0 = 2*u + 3*s - 289. List the prime factors of u.
11, 13
Suppose 0 = 2*i + 4*j + 94, j + 35 + 86 = -3*i. List the prime factors of (9 - -2)/((-3)/i).
11, 13
Suppose -392*x + 395*x - 273 = 0. List the prime factors of x.
7, 13
Let m be 1/(2/(-40)) - 1. Let y = m - -32. Suppose -3*a + y = -2*i, -i - 14 = -3*a + 2. List the prime factors of a.
7
Suppose 62*m - 65*m = -4173. List the prime factors of m.
13, 107
Suppose -5*u + 43 = h - 1, 130 = 2*h - 4*u. Let x = h - 9. List the prime factors of x.
2, 5
Let s be -1 + (-3 + 1 - (0 - -1)). What are the prime factors of (2/(-6))/((8/54)/s)?
3
Suppose -m + 0*m + 73 = -4*t, 0 = -5*t + 3*m - 93. Let s(k) = k**2 + 5*k - 4. Let b be s(-6). What are the prime factors of (-570)/t - b/3?
31
Let n = -7 - -49. What are the prime factors of n?
2, 3, 7
Suppose -2*b - 5*m + 89 = b, -3*b = 3*m - 87. List the prime factors of b.
2, 7
Suppose 38 = 2*x + n, x - 2*x + 5*n = -8. List the prime factors of x.
2, 3
Let f(w) = 13*w + 47. List the prime factors of f(28).
3, 137
Suppose -12*d + 126 = -5*d. Suppose g - 3*b = d, -5*g - b = -3*b - 51. List the prime factors of g.
3
Suppose -2*a + 3*a - 7 = y, -4*y = -5*a + 31. Let c(z) = -7*z - 4. Let w(q) = q - 1. Let m(o) = a*w(o) + c(o). List the prime factors of m(-4).
3
Suppose -4*v - 8 = 0, -7*h = -4*h - 4*v - 14. Suppose -h*t + 7 = -11. What are the prime factors of (t/(-2))/(4/(-8))?
3
Let f(h) = h**2 + 3*h + 3. Let p be f(-3). Let g = -1 + p. List the prime factors of ((-3)/g)/((-4)/32).
2, 3
Suppose 3*j - 2*w - 26 = 0, 3*j - 4*w + 1 = 17. Suppose -2*d = -7*d + 4*m - 158, -4*m - j = 0. List the prime factors of 3/(-6) - d/4.
2
Let w be 6*3 - (5 - 2). Suppose -3*j + 42 = -w. What are the prime factors of 11/22*(j + -1)?
3
Let y(v) = -v**2 - 15*v - 2. Let d be y(-9). What are the prime factors of (-1 + -4)*(2 - d/5)?
2, 3, 7
Suppose -134*s + 138*s - 2*x = 12916, 3*x + 6466 = 2*s. List the prime factors of s.
7, 461
Let c(m) = m - 14. Let w be c(6). What are the prime factors of 534/7 - w/(-84)*3?
2, 19
Let y be 7/(105/(-6))*-60. Suppose -22*t + 26*t - y = 0. Suppose 0*v = -t*v + 384. List the prime factors of v.
2
Let t(q) = 3*q**3 - 11*q**2 + 3. Let x(z) = z**3 + z + 1. Let s(n) = -t(n) + 4*x(n). What are the prime factors of s(-9)?
127
Let u(p) = 17*p**2 + 4. Let z(t) = 4*t**2 + 1. Let f(b) = 2*u(b) - 9*z(b). Let y be f(1). List the prime factors of (2 + y)*(2 - 27).
5
Let x(n) = n**2 - 6*n. Let m be x(7). What are the prime factors of (20/(-3))/((42/(-27))/m)?
2, 3, 5
Let x(a) = 4*a**2 + 103*a - 438. What are the prime factors of x(-51)?
3, 1571
Let k(f) = f**3 + 3*f**2 - 5*f + 1. Let a be k(-4). What are the prime factors of (5 + a/(-3))/(4/234)?
3, 5, 13
Suppose 0*p - 4*p + 3262 = 3*m, 3*p + m - 2444 = 0. List the prime factors of p.
2, 11, 37
Let g be 24/(-6)*(-9)/(-4). What are the prime factors of g + 9 + (-243)/(-3)?
3
List the prime factors of ((-38448)/(-60))/((-3)/((-15)/2)).
2, 3, 89
Let y be (3 - (-12)/(-4))*-1. Suppose 15*d - 805 + 100 = y. List the prime factors of d.
47
Let o(y) = 3*y + 24. Let v be o(-7). Let s(w) = -7*w**v + 3*w**3 - w + 5*w**3 + w**2 + 61. List the prime factors of s(0).
61
Let c(l) = 131*l**3 - 5*l**2 + 5*l + 3. Let t(d) = -65*d**3 + 2*d**2 - 2*d - 1. Let i(j) = -2*c(j) - 5*t(j). What are the prime factors of i(1)?
2, 31
Suppose 45*i = 49*i - 364. What are the prime factors of i?
7, 13
Let z(c) = -3*c**3 + 8*c - c**2 + 2*c**3 + 26 - 10*c. Suppose 3*r = -r. List the prime factors of z(r).
2, 13
Suppose -4*u = -5*k + 5, 4*k - 4*u = 5*k - 1. Let g be (4 - k)*19/3. Let n = g + -11. What are the prime factors of n?
2
Let m be (-87)/(-12) + 3/(-12). Suppose 2*v = -m*b + 4*b + 2, 1 = 4*b + v. List the prime factors of (-93)/(-3) - (0 - b).
31
Suppose 283 = 9*r - 1103. What are the prime factors of r?
2, 7, 11
Let j(f) = -2*f + 6. Let l be j(3). Suppose l = 2*k + 5 - 1. Let i(y) = 12*y**2 - 2*y - 2. What are the prime factors of i(k)?
2, 5
Let b = 4 - 0. Let a(c) = -73*c**2 + 28*c - 22. Let j(k) = 52*k**2 - 19*k + 15. Let y(l) = 5*a(l) + 7*j(l). What are the prime factors of y(b)?
7
Let l(x) = 85*x - 54. What are the prime factors of l(4)?
2, 11, 13
Suppose 2*x - v - 764 = -5*v, -1508 = -4*x - 4*v. List the prime factors of x.
2, 3, 31
Let w(p) = 2506*p**2 + 3*p + 2. What are the prime factors of w(-1)?
3, 5, 167
Let d(n) be the first derivative of 2*n**2 + 8*n - 84. Suppose 3*w + 2*w = 40. What are the prime factors of d(w)?
2, 5
Suppose 6*i + 5 = 11. Suppose -b - i = -21. List the prime factors of b.
2, 5
Let d = 119 - 5. What are the prime factors of d?
2, 3, 19
Suppose f - 9 = -2*f. List the prime factors of f - (-3 - 1 - -3).
2
Suppose -103 = -4*f - d + 167, 4 = 2*d. Suppose 3*r = 2*y - y + 194, -2*y = r - f. Suppose -3*s + r - 2 = 0. What are the prime factors of s?
3, 7
Suppose 20 = 4*x, n - 138 = x - 0*x. What are the prime factors of n?
11, 13
Let x = -1 - -7. Let h = x - -8. What are the prime factors of h?
2, 7
Let k(w) = w**3 - 8*w**2 + 9*w - 7. Let l be k(7). List the prime factors of (l/14)/(3/354).
59
Let h(t) = t**3 + 17*t**2 + 18*t + 4. Let m be h(-15). Suppose 5*q - m = 936. What are the prime factors of q?
2, 7
Let c = -112 + 51. Let p = c + 122. List the prime factors of p.
61
Suppose -2*p - p = -15. Suppose -3*i + 4*a + 205 = -22, -3*a = -p*i + 360. List the prime factors of i.
3, 23
Suppose -13 = -5*v + 12. Suppose -9 = -b + v. List the prime factors of b.
2, 7
Let q(l) = 3*l. Suppose 3*f + 3*w = -2*f - 10, -3*f + 8 = -w. Let i be q(f). List the prime factors of i/(2*(-2)/(-24)).
2, 3
Suppose -2*g + 5*s + 1 = -g, 0 = -g + s + 13. Suppose -18*m + g*m = -12. What are the prime factors of m?
2, 3
Let t = -8 + -1. Let r(h) = -h**3 - 8*h**2 + 7*h - 13. Let n be r(t). Suppose -10 = -5*g + n. List the prime factors of g.
3
Let p be 5/((-20)/(-12)) + 9. Let k = 4 - p. What are the prime factors of 1*k*(3 + -5)?
2
Suppose 549*p - 18225 = 540*p. What are the prime factors of p?
3, 5
Suppose 4*o - 73 = 31. Let a = 41 + o. What are the prime factors of a?
67
Suppose -68*c = -65*c + 105. Let z = c + 207. List the prime factors of z.
2, 43
Let s = 3247 + -852. What are the prime factors of s?
5, 479
Suppose -65*z + 70*z = 375. What are the prime factors of z?
3, 5
Let q(t) = 3 + 5 + 3 - 4 - 11*t. Let c be q(5). List the prime factors of c/(-2)*1/1.
2, 3
Let z = 3427 - -2023. List the prime factors of z.
2, 5, 109
Let u be (-68)/(-18) - (32/36)/(-4). Suppose 700 = u*x + x. List the prime factors of x.
2, 5, 7
Let b be (-3)/6*(0 - 8). Suppose -2 = -g, 4*g = -0*f - b*f + 352. List the prime factors of f.
2, 43
Suppose -s + 3062 = 4*z, -4*s + 3*z = -5762 - 6429. List the prime factors of s.
2, 5, 61
Suppose 0 = -5*k + 3276 + 1459. What are the prime factors of k?
947
Let u(a) = -a**2 - 5*a - 3. Let h be u(-4). Suppose -210 = 11*z + 4*z. Let w = h - z. List the prime factors of w.
3, 5
List the prime factors of 8/20 + 9352/20 + 1.
7, 67
Suppose 0*y = -2*y. Suppose -6*j + 2*x - 2 = -3*j, y = -j - 3*x + 14. Suppose r - 35 = 5*m, r = j*r + 4*m + 10. List the prime factors of r.
2, 5
Let w(m) = m**2 + 15*m + 14. Let i be w(-14). Suppose -p - 1 + 5 = i. Suppose d - 19 = -p. List the prime factors of d.
3, 5
List the prime factors of (-38)/(32 + -30 - 440/218).
19, 109
Let k = -12 + 14. Let s(a) = a**3 - 2*a + 2 - 3*a + 9*a - 5*a**k. List the prime factors of s(4).
2
Suppose 23*k - 12564 = 11*k. Suppose -6*c + k = 69. List the prime factors of c.
163
Suppose -3*b = -2894 - 205. List the prime factors of b.
1033
Suppose -8*y + 17415 - 6663 = 0. List the prime factors of y.
2, 3, 7
Suppose 4194 = 27*u - 18*u. List the prime factors of u.
2, 233
Let x = 61 - -413. What are the prime factors of x?
2, 3, 79
Let c be 11/(-9) - 2/(-9). What are the prime factors of c/(-7) + (-138)/(-14)?
2, 5
Let g(z) = 10*z**2 - 3*z + 2. Let s be g(-3). Suppose 0 = 5*d - s - 139. List the prime factors of d.
2, 3
Let f be 2/(-12) + 241/6 + 2. List the prime factors of 237*(2/f + 8/28).
79
Let b = 168 - 15. Let a = b - 83. Suppose a = -i + 6*i. List the prime factors of i.
2, 7
Let x be (-21)/56 + 3451/8. Suppose -2*w - 3*w = -n - x, -2*w + 190 = 4*n. What are the